
24
What is the remainder when 62491 is divided by 20825?
16
What is the remainder when 16388 is divided by 60?
8
What is the remainder when 4725 is divided by 135?
0
Calculate the remainder when 94904 is divided by 9489.
14
Calculate the remainder when 466 is divided by 3.
1
Calculate the remainder when 118792 is divided by 649.
25
What is the remainder when 37690 is divided by 124?
118
Calculate the remainder when 10425 is divided by 46.
29
Calculate the remainder when 59962 is divided by 179.
176
What is the remainder when 20739 is divided by 319?
4
Calculate the remainder when 25121 is divided by 87.
65
Calculate the remainder when 1102 is divided by 487.
128
Calculate the remainder when 197995 is divided by 32997.
13
What is the remainder when 3042 is divided by 7?
4
What is the remainder when 9018 is divided by 4493?
32
What is the remainder when 814 is divided by 417?
397
What is the remainder when 483167 is divided by 241582?
3
Calculate the remainder when 4473 is divided by 774.
603
What is the remainder when 22040 is divided by 54?
8
What is the remainder when 14588 is divided by 55?
13
Calculate the remainder when 29310 is divided by 1275.
1260
What is the remainder when 6257096 is divided by 19?
16
What is the remainder when 5739 is divided by 531?
429
What is the remainder when 1683 is divided by 131?
111
Calculate the remainder when 11381 is divided by 5672.
37
Calculate the remainder when 87033 is divided by 23.
1
What is the remainder when 871 is divided by 403?
65
What is the remainder when 15351999 is divided by 95?
94
Calculate the remainder when 114267 is divided by 65.
62
Calculate the remainder when 5713 is divided by 9.
7
What is the remainder when 9619 is divided by 730?
129
Calculate the remainder when 148102 is divided by 408.
406
What is the remainder when 295610 is divided by 47?
27
Calculate the remainder when 10111 is divided by 281.
276
What is the remainder when 1416009 is divided by 7299?
3
What is the remainder when 108191 is divided by 966?
965
What is the remainder when 3133 is divided by 167?
127
Calculate the remainder when 2402 is divided by 157.
47
What is the remainder when 6231 is divided by 82?
81
Calculate the remainder when 3255 is divided by 2830.
425
Calculate the remainder when 51307 is divided by 101.
100
Calculate the remainder when 14467 is divided by 201.
196
What is the remainder when 30085 is divided by 48?
37
Calculate the remainder when 8635 is divided by 195.
55
Calculate the remainder when 1298754 is divided by 123.
120
Calculate the remainder when 8836 is divided by 431.
216
Calculate the remainder when 82209 is divided by 29.
23
What is the remainder when 11643 is divided by 188?
175
Calculate the remainder when 306943 is divided by 111.
28
Calculate the remainder when 287290 is divided by 14.
10
Calculate the remainder when 33888 is divided by 19.
11
What is the remainder when 17218 is divided by 18?
10
Calculate the remainder when 283984 is divided by 543.
538
Calculate the remainder when 499033 is divided by 77.
73
Calculate the remainder when 13301203 is divided by 15.
13
Calculate the remainder when 12595 is divided by 60.
55
Calculate the remainder when 14271 is divided by 274.
23
What is the remainder when 1921096 is divided by 93?
88
Calculate the remainder when 1539 is divided by 45.
9
Calculate the remainder when 312 is divided by 111.
90
What is the remainder when 2685 is divided by 409?
231
Calculate the remainder when 262978 is divided by 112.
2
What is the remainder when 734 is divided by 156?
110
Calculate the remainder when 1431 is divided by 89.
7
What is the remainder when 6751869 is divided by 288?
285
Calculate the remainder when 856964 is divided by 355.
349
What is the remainder when 23543 is divided by 173?
15
Calculate the remainder when 760438 is divided by 166.
158
Calculate the remainder when 46469 is divided by 143.
137
What is the remainder when 10945 is divided by 2736?
1
Calculate the remainder when 6748 is divided by 6745.
3
What is the remainder when 38833 is divided by 14?
11
Calculate the remainder when 20153 is divided by 15.
8
Calculate the remainder when 649 is divided by 263.
123
What is the remainder when 73681 is divided by 261?
79
What is the remainder when 12850 is divided by 42?
40
What is the remainder when 23114 is divided by 3838?
86
What is the remainder when 2327 is divided by 2270?
57
What is the remainder when 3476 is divided by 1669?
138
Calculate the remainder when 5594 is divided by 154.
50
Calculate the remainder when 3285 is divided by 1083.
36
Calculate the remainder when 101720 is divided by 38.
32
What is the remainder when 24459 is divided by 23?
10
Calculate the remainder when 665 is divided by 102.
53
Calculate the remainder when 13459 is divided by 201.
193
Calculate the remainder when 10631 is divided by 961.
60
Calculate the remainder when 818 is divided by 179.
102
Calculate the remainder when 18447 is divided by 3390.
1497
What is the remainder when 14407 is divided by 119?
8
What is the remainder when 6172 is divided by 26?
10
Calculate the remainder when 16122 is divided by 61.
18
Calculate the remainder when 323038 is divided by 3713.
7
Calculate the remainder when 587 is divided by 155.
122
What is the remainder when 149731 is divided by 10691?
57
What is the remainder when 4483 is divided by 3502?
981
What is the remainder when 20782 is divided by 462?
454
Calculate the remainder when 158719 is divided by 191.
189
Calculate the remainder when 13560 is divided by 367.
348
What is the remainder when 80879 is divided by 12?
11
What is the remainder when 436606 is divided by 349?
7
What is the remainder when 95773 is divided by 23939?
17
Calculate the remainder when 1243184 is divided by 11.
8
Calculate the remainder when 598 is divided by 45.
13
What is the remainder when 573 is divided by 501?
72
Calculate the remainder when 7690 is divided by 990.
760
What is the remainder when 887395 is divided by 58?
53
Calculate the remainder when 2325568 is divided by 818.
812
What is the remainder when 1467789 is divided by 24?
21
Calculate the remainder when 63025 is divided by 54.
7
Calculate the remainder when 5421 is divided by 492.
9
What is the remainder when 14159 is divided by 944?
943
Calculate the remainder when 6969447 is divided by 291.
288
What is the remainder when 124842 is divided by 15?
12
What is the remainder when 11453 is divided by 491?
160
Calculate the remainder when 2488 is divided by 814.
46
Calculate the remainder when 46367 is divided by 18.
17
Calculate the remainder when 419 is divided by 120.
59
What is the remainder when 19531 is divided by 9756?
19
What is the remainder when 2497032 is divided by 77?
76
Calculate the remainder when 240756 is divided by 60188.
4
What is the remainder when 1294069 is divided by 541?
538
What is the remainder when 5062 is divided by 5?
2
Calculate the remainder when 306359 is divided by 153172.
15
What is the remainder when 287633 is divided by 428?
17
Calculate the remainder when 143 is divided by 15.
8
Calculate the remainder when 33743 is divided by 624.
47
What is the remainder when 21156 is divided by 5287?
8
What is the remainder when 49114 is divided by 186?
10
Calculate the remainder when 1728067 is divided by 1681.
1680
Calculate the remainder when 60080 is divided by 357.
104
What is the remainder when 16076 is divided by 64?
12
What is the remainder when 56823 is divided by 354?
183
Calculate the remainder when 774 is divided by 52.
46
What is the remainder when 289547 is divided by 42?
41
What is the remainder when 1910917 is divided by 344?
341
Calculate the remainder when 26250 is divided by 8744.
18
What is the remainder when 942 is divided by 71?
19
Calculate the remainder when 17173 is divided by 193.
189
Calculate the remainder when 400295 is divided by 42.
35
Calculate the remainder when 9384365 is divided by 1578.
1577
What is the remainder when 70464 is divided by 665?
639
Calculate the remainder when 51373 is divided by 3414.
163
What is the remainder when 53990 is divided by 1079?
40
What is the remainder when 102168 is divided by 126?
108
What is the remainder when 19421 is divided by 9700?
21
Calculate the remainder when 299144 is divi